 common divisor of 133 and 147161175?
133
Calculate the highest common divisor of 97680256 and 38240.
7648
What is the highest common factor of 239741 and 82059?
1609
Calculate the highest common factor of 84680 and 2893720.
2920
What is the highest common factor of 7974 and 191988?
18
Calculate the highest common divisor of 37869696 and 2304.
1152
Calculate the highest common factor of 63 and 43031583.
63
Calculate the highest common divisor of 94 and 16124807.
47
What is the greatest common divisor of 3150 and 43974?
126
What is the highest common divisor of 49842 and 4550958?
3834
What is the greatest common factor of 5555 and 100899?
101
Calculate the greatest common factor of 2147 and 1873799.
19
What is the highest common divisor of 593235849 and 69?
69
Calculate the highest common divisor of 151459404 and 7506.
834
Calculate the greatest common factor of 332692778 and 10252.
5126
What is the highest common factor of 360 and 1647144?
72
What is the highest common factor of 47487477 and 153?
51
What is the greatest common factor of 6318 and 1438074?
486
What is the highest common factor of 74210 and 2381960?
1810
Calculate the highest common divisor of 97193 and 1587876.
1171
What is the greatest common divisor of 158979 and 1785891?
807
Calculate the highest common factor of 40369590 and 9.
9
Calculate the highest common divisor of 1124094 and 7320.
6
Calculate the highest common factor of 46583 and 1592635.
1259
What is the highest common factor of 967280 and 4387?
107
What is the highest common factor of 43048146 and 521?
521
Calculate the greatest common factor of 780 and 1700420.
20
What is the greatest common divisor of 1436 and 113568932?
1436
Calculate the highest common divisor of 1923616 and 63950.
2558
Calculate the greatest common divisor of 192280518 and 36.
18
What is the highest common divisor of 46 and 271177222?
46
Calculate the greatest common divisor of 2942308 and 19464.
3244
Calculate the highest common factor of 142473561 and 411.
411
Calculate the greatest common divisor of 5786 and 32615.
11
What is the highest common factor of 9075 and 553025?
275
Calculate the greatest common factor of 5 and 43364572.
1
Calculate the highest common divisor of 17724 and 4339848.
2532
Calculate the highest common divisor of 2805 and 1145970.
255
What is the highest common factor of 172251729 and 120406?
5473
What is the highest common factor of 229653 and 6944823?
2907
Calculate the greatest common divisor of 1197 and 57855.
399
What is the highest common divisor of 2952195 and 1623780?
1455
What is the highest common divisor of 21472192 and 113078?
574
What is the highest common factor of 49474 and 6003414?
1706
Calculate the greatest common factor of 92605164 and 684.
228
Calculate the greatest common factor of 46 and 984388109.
23
What is the highest common factor of 140619407 and 4789?
4789
Calculate the highest common divisor of 270 and 119447910.
90
Calculate the greatest common divisor of 8470 and 182974022.
1694
Calculate the highest common divisor of 18054 and 5388.
6
What is the highest common divisor of 13604728 and 8?
8
Calculate the greatest common factor of 12750390 and 355.
5
Calculate the highest common divisor of 110296868 and 2024.
1012
Calculate the greatest common divisor of 2258 and 32827933.
1129
Calculate the highest common divisor of 6012493 and 355.
71
Calculate the greatest common factor of 188145985 and 885.
295
Calculate the greatest common factor of 2382 and 111397009.
397
What is the greatest common factor of 107952 and 19176?
24
What is the greatest common divisor of 1231278253 and 191?
191
Calculate the highest common factor of 7922 and 57086.
34
Calculate the greatest common divisor of 126 and 8395562.
14
Calculate the greatest common factor of 45 and 26717565.
15
What is the highest common factor of 2785555 and 201895?
745
What is the greatest common divisor of 34797 and 77364?
21
What is the highest common divisor of 2499 and 35645736?
2499
Calculate the greatest common divisor of 537145 and 42539.
721
What is the highest common divisor of 191048 and 20?
4
Calculate the highest common factor of 191486333 and 464.
29
What is the highest common divisor of 961 and 2103443?
31
Calculate the greatest common divisor of 1550 and 31341248.
62
Calculate the greatest common divisor of 2186 and 920570506.
2186
What is the highest common factor of 196735 and 2275560?
245
What is the highest common factor of 3316 and 68030227?
829
What is the greatest common factor of 19268903 and 71?
71
What is the greatest common factor of 108483690 and 168?
42
Calculate the highest common factor of 343619 and 282014.
1369
What is the greatest common factor of 40 and 1970032?
8
What is the greatest common factor of 11198677 and 26887?
161
Calculate the greatest common factor of 32 and 58503888.
16
Calculate the highest common divisor of 135741 and 508.
1
What is the highest common divisor of 173868 and 36412?
4
Calculate the greatest common divisor of 268816597 and 147.
49
Calculate the greatest common divisor of 130 and 113035130.
130
Calculate the greatest common divisor of 919 and 501523113.
919
Calculate the greatest common divisor of 1832798 and 1078.
22
What is the highest common divisor of 3520 and 1201000?
40
What is the greatest common factor of 11894049 and 52421?
2759
Calculate the greatest common divisor of 16470 and 8479.
61
Calculate the highest common divisor of 172995742 and 184.
46
What is the greatest common divisor of 30 and 367045?
5
Calculate the greatest common divisor of 3599653 and 17.
1
What is the greatest common divisor of 8494293 and 6021?
669
What is the highest common factor of 56047940 and 36500?
1460
What is the greatest common divisor of 95 and 11432927?
19
What is the greatest common divisor of 35342 and 23698?
82
Calculate the greatest common factor of 35 and 1138118765.
35
Calculate the greatest common factor of 32281360 and 105640.
5560
Calculate the highest common divisor of 5659443 and 1074.
537
Calculate the highest common divisor of 312 and 407706.
78
What is the highest common factor of 10316927 and 424?
53
Calculate the greatest common factor of 376552 and 2.
2
What is the greatest common divisor of 140052 and 1842?
6
What is the highest common divisor of 770 and 426671?
7
What is the greatest common divisor of 4017 and 1538966?
13
Calculate the highest common factor of 38175792 and 16.
16
What is the highest common divisor of 1460303 and 39?
13
Calculate the highest common factor of 7031888 and 272.
16
What is the highest common divisor of 3609472 and 2624?
64
Calculate the highest common divisor of 1069575 and 1260453.
3291
Calculate the highest common divisor of 1122075 and 27225.
225
Calculate the highest common factor of 14316867 and 207297.
6687
What is the greatest common factor of 592 and 1365376?
16
Calculate the greatest common factor of 537642 and 4216.
34
What is the greatest common factor of 52 and 45766838?
26
Calculate the greatest common divisor of 494581693 and 4934.
2467
Calculate the highest common factor of 3180 and 810425385.
795
Calculate the greatest common factor of 3329276 and 1054.
62
Calculate the highest common divisor of 59565 and 121385.
55
What is the highest common factor of 20 and 5560220?
20
Calculate the highest common factor of 994 and 67056731.
497
What is the greatest common factor of 3717 and 130118541?
1239
Calculate the greatest common factor of 554994 and 2448.
18
What is the highest common divisor of 22338984 and 304?
152
What is the greatest common factor of 9749226 and 1681?
41
What is the highest common factor of 73297 and 2442?
37
What is the greatest common divisor of 13707339 and 1?
1
Calculate the highest common divisor of 56463 and 1639341.
957
Calculate the highest common factor of 325117 and 45241.
281
Calculate the greatest common divisor of 13847012 and 8556.
92
What is the highest common factor of 308 and 85620304?
308
What is the greatest common divisor of 804364 and 199980?
4444
What is the greatest common divisor of 61792740 and 810?
270
Calculate the greatest common divisor of 81406 and 247147.
101
Calculate the greatest common factor of 104 and 481015028.
52
What is the greatest common factor of 2527 and 23378208?
133